 440?
11
Let t be (-115)/46*(2 + 24/(-15)). What is the remainder when 439 is divided by 46 + 21 - (0/t + 4)?
61
Let d(f) = -74*f**2 - f**3 - 79*f**2 + 164*f**2 + 4*f + 21. Let p be d(9). Suppose 5*v - p = 81. What is the remainder when v is divided by 21?
18
Let h be 1*((-35)/(-5) + -4). Suppose -x + n = -118, -10*n = -9*n - h. Calculate the remainder when x is divided by 5.
1
Calculate the remainder when 50712 is divided by 6219/75 + 3/10 + 1089/(-4950).
82
Let c(j) be the third derivative of -7*j**6/60 - j**5/30 - 5*j**4/24 - j**3/2 + j**2 - 27*j. Calculate the remainder when 74 is divided by c(-1).
4
Let r be (-5 - 162/(-30)) + 168/5. Suppose r*z + 64 = 38*z. What is the remainder when 26 is divided by z?
10
Let h be 77/((-1)/1) + -2. Let o be (-6 - -1 - 0) + -56. Let v = o - h. Calculate the remainder when 69 is divided by v.
15
Let a = 8802 + -8772. Calculate the remainder when 989 is divided by a.
29
Calculate the remainder when 8/36 - (-7264)/36 is divided by (19/(-2) + 1)*(7 + -11).
32
Suppose -144*i + 810 = -9*i. Let n(d) = -d**3 + 4*d**2 - 3*d - 1. Let a be n(3). Let y = a - -7. Calculate the remainder when y is divided by i.
0
Suppose -6*h + 0*h + 72 = 0. Let c = 453 - 314. Calculate the remainder when c is divided by (-2)/(h/(-86)) - 8/24.
13
Let t = -34947 + 34964. What is the remainder when 0 + ((-50)/1)/(-2) is divided by t?
8
Let s(l) = -2 - 3*l + 4*l**3 - 5*l - l**2 + 6. Let x be 43/15 + 72/540. Calculate the remainder when s(x) is divided by 27.
25
Let b = 666 + -592. Calculate the remainder when 2884 is divided by b.
72
Let s(g) = -88*g - 282. Let v be s(-8). Suppose -8*c + 354 + v = 0. What is the remainder when 372 is divided by c?
81
Suppose -14*w - 27 = -23*w. Suppose -2080 = -16*x + w*x. What is the remainder when x is divided by 13?
4
Let u = 8094 - 6263. Calculate the remainder when u is divided by 141.
139
Let j = 6 - -1. Suppose i = 2*c + 85, 1 = 2*c + j. Calculate the remainder when i is divided by 40.
39
Let y(g) = -4*g - 24. Let b be y(-7). Suppose l + s - 2*s + 3 = 0, 3*l + b*s = 12. Suppose l = -4*i + 227 + 153. What is the remainder when i is divided by 24?
23
Suppose 6*q + 206 = 1256. What is the remainder when 416 is divided by q?
66
Suppose 0 = -3*b - b + 304. Suppose 0 = 4*f + x - 1200, 3*f = 687*x - 683*x + 881. What is the remainder when f is divided by b?
71
Suppose -353*t = -392*t + 585. Let s(k) = k - 1. Let d(i) = -6*i - 1. Let o(q) = 2*d(q) + 14*s(q). Calculate the remainder when 82 is divided by o(t).
12
Suppose s + 3 = 4. Suppose -2*b + 30 = 5*v, -v - 2*b = -3*b + s. Let n = 23 - 9. Calculate the remainder when n is divided by v.
2
Let a(y) = -2*y**2 + 25*y - 24. Suppose 4 = -3*i - h + 35, -3*i = 5*h - 23. Let x be a(i). Calculate the remainder when 69 is divided by ((-42)/x)/((-1)/3).
13
Suppose -3*g + 5 = -r, -11*g + 4*r - 8 = -13*g. Suppose s - 102 = -4*v + 30, 5*v - g*s = 165. What is the remainder when v is divided by 5?
3
Suppose -a - 4 = 1. Let w(k) = -k**3 - 6*k**2 - 5*k + 6. Let r = -46 - -50. What is the remainder when w(a) is divided by r?
2
Suppose -9*d = -218 - 286. Calculate the remainder when 235 is divided by d.
11
Let k = -714 - -1034. Suppose k = 55*a - 35*a. Calculate the remainder when 189 is divided by a.
13
Suppose 90*l = 4*n + 85*l - 207, -3*n + 4*l + 157 = 0. Calculate the remainder when 3738 is divided by n.
40
What is the remainder when (-5 - 1398/(-30))*585/78 is divided by 235?
77
Suppose -b = 4*o - 79, -5*b + 105 + 190 = -5*o. Calculate the remainder when 4092 is divided by b.
60
Suppose -49 = -3*k - 19. Suppose 0 = -4*m + 2*t - 3 - 15, -5*m - 30 = -4*t. Calculate the remainder when k is divided by 2*(m + 1) + 6.
2
Suppose -20 = -8*l + 7*l. Suppose 2*s = -4*t + l + 76, 0 = -4*s + 3*t + 159. Calculate the remainder when s is divided by 15.
12
Suppose -6424 = 3*a - 7000. What is the remainder when a is divided by 91?
10
Suppose 7303*g = 7311*g - 112. Calculate the remainder when (-1 - 3 - -4) + 529 is divided by g.
11
Suppose n + a = 123, 7*n - 12*n - 4*a = -614. Calculate the remainder when n is divided by 60.
2
What is the remainder when 1284 is divided by 23 - ((-30)/35 + (-1798)/(-203))?
9
Let n be (72/(-252))/(2 + 32/(-14)). What is the remainder when 8 + 13 + n*-4 is divided by 5?
2
Suppose -4*q - 4 = 0, -u - 3*q + 190 = -0*u. Let z = -184 + 361. Let d = -138 + z. What is the remainder when u is divided by d?
37
Suppose 2*b = -3*l + 11, -2*b = 37*l - 32*l - 13. Calculate the remainder when 138 is divided by 28 + l + (-3 - -11).
27
Let p be 40158/24 - (-6)/8. Suppose 118*o - 124*o + p = 0. What is the remainder when o is divided by 70?
69
Suppose -34*q + 1856 + 864 = 0. Suppose 0 = -q*y + 82*y - 128. Calculate the remainder when 126 is divided by y.
62
Suppose -2*n - 2496 = -5*r - n, -3*r + 5*n + 1480 = 0. Let f = r - 101. Calculate the remainder when f is divided by (6/9)/((-105)/15*(-4)/2814).
64
Suppose 0 = -87*l + 91*l - m - 53, 43 = 3*l - 4*m. Let b be ((-22)/(-6))/((-1)/(-12)). Let d = b - l. What is the remainder when 90 is divided by d?
28
Let r = 80 + -28. Suppose -4*t = -5*f - 355, -5*t - 10*f + 11*f + 491 = 0. What is the remainder when t is divided by r?
48
Let p(q) = -2*q**2 + 4*q + 9. Suppose -7*d - 6*d - 65 = 0. Let u be p(d). Let m = u + 170. What is the remainder when m is divided by 37?
35
Suppose -268*j - 474 - 892 = -269*j. Calculate the remainder when 2737 is divided by j.
5
Let h(f) = -28*f - 101. Suppose 0 = 6*y - y + 2*u + 39, 0 = 4*y + 4*u + 36. Calculate the remainder when h(y) is divided by 14.
11
Suppose 0 = 13*r + 30 - 511. Suppose -x - 110 = -r. Let t = 105 + x. Calculate the remainder when t is divided by 9.
5
Let x(y) = 3*y**2 - 3*y - 3. Let n be x(-1). Let j be n/6*(2 - 4). What is the remainder when -3 + 4 + (j + 29 - -2) is divided by 18?
13
Let h = 67171 + -67145. Suppose 0 = -2*x + 3*y + 240, 3*x + 0*y - 4*y = 358. Calculate the remainder when x is divided by h.
10
Let o(l) = -l**3 - 10*l**2 - 6*l + 57. What is the remainder when -2*(2 + 123/(-2)) is divided by o(-9)?
29
Suppose 5*w + 5*a = 76770, 65*w - 60*w - 3*a - 76746 = 0. What is the remainder when w is divided by 202?
201
What is the remainder when 381 is divided by -423*(-5)/45*2?
5
Let j(v) = v**2 - 14*v + 9. Let h be j(9). Let r = h - -40. Let y = -12 + 20. What is the remainder when y is divided by r?
0
Let j(c) = -c**3 + c**2 + 49. Let n be j(0). Let b = 49 - n. Suppose 5*d + 3*u = 103, -4*d + 2*u + b*u = -78. Calculate the remainder when 51 is divided by d.
11
Suppose 36 + 414 = 58*k + 44. Calculate the remainder when -2 - 1/(-1) - -30 is divided by k.
1
Suppose 17*b + 549 = 2*g + 14*b, 2*b = 2. Calculate the remainder when 1378 is divided by g.
274
Calculate the remainder when 232 is divided by (7 + (-1674)/30)*10/(-4).
110
Suppose -o - 122 = -4*y, -112 = -4*y + 8*o - 12*o. Suppose 3*u + 412 = -2*p + 4*p, -u = 0. What is the remainder when p is divided by y?
26
Let v(b) = 5*b**2 + 11*b + 0*b**2 + 6*b - 4 + 3. Suppose 5*d = -2*p + 74, 5*d + 86 = 3*p - 0*d. What is the remainder when p is divided by v(-4)?
10
Suppose 82846 = 27*u + 82117. Suppose -3*d = 2*p + 2*d - 266, d = -2*p + 266. What is the remainder when p is divided by u?
25
Suppose 0 = -15*c + 18*c - 666. Suppose -260 = -4*q - 0*q. What is the remainder when q is divided by 3/(-15) + c/10?
21
Let c(z) = -50*z + 43. Let r(k) = 101*k - 86. Let p(t) = -13*c(t) - 6*r(t). What is the remainder when p(6) is divided by 32?
29
Suppose -2*s - 6 = 0, -64*m + 15 = -61*m + 5*s. Let i = 7 - 0. What is the remainder when m is divided by i?
3
Suppose 3*h - 21*w = -18*w + 501, -w = 4*h - 673. Suppose 5*o - 54 = -5*a + 16, o - 5*a - 32 = 0. Calculate the remainder when h is divided by o.
15
Let s(b) = 20*b - 13*b**2 + 52 + 4 + 14*b**2. Let g be s(-17). Suppose o - 278 = -3*f, -2*f = -g*o - 55 - 119. Calculate the remainder when f is divided by 19.
16
Let k = 175 - 33. Suppose 0 = -z + 96 + k. What is the remainder when z is divided by 60?
58
Let t be -2 + 139 + 45/(-15). What is the remainder when (-6)/(-36)*6 + t is divided by 17?
16
Let t(r) = 2*r**2 + 21*r + 36. Calculate the remainder when t(-20) is divided by 25.
16
Let s(c) = c**3 - 7*c**2 - 39*c + 6. Calculate the remainder when (-27)/2*(-360)/27 + -4 is divided